3 - 5*s**2/2 - 4*s + 534. Determine q(-3).
38
Let l(r) = -r**3 - 6*r**2 + 4. Let t be l(-3). Let q = t + 21. Let k(j) = 3*j + 11. Let z(a) = -2*a - 7. Let d(b) = 5*k(b) + 8*z(b). Calculate d(q).
1
Let h(b) be the third derivative of b**4/24 + 25*b**3/6 + b**2 + 125*b. Calculate h(-12).
13
Let k(y) be the first derivative of 5/2*y**2 + 7 + 2/3*y**3 - 4*y. Determine k(-5).
21
Let k(z) be the second derivative of -z**6/720 - 7*z**5/60 - z**4/2 + 19*z. Let r(w) be the third derivative of k(w). Determine r(-10).
-4
Let f(k) be the first derivative of -k**2/2 - 25*k - 136. Give f(0).
-25
Let d(m) be the third derivative of 0 - 1/5*m**5 + 0*m + 1/24*m**4 - 4*m**2 + 0*m**3. Suppose -2*i = 3*o + 5, 0 = 2*i - o - 2*o - 1. What is d(i)?
-13
Let r(b) = -b + 3. Let l be r(0). Suppose -n - 1 = l. Let q(a) be the third derivative of -a**5/30 - a**4/4 - a**3/3 + 2*a**2. Give q(n).
-10
Let j be 5 + (-2 + 2 - -3). Suppose -i = 6*m - 3*m + j, -i + 16 = -3*m. Let u(g) = g + 4. Determine u(m).
0
Let h(m) = 94*m - 194*m + 2 + 9*m**2 - m**3 + 7 + 100*m. Calculate h(9).
9
Let n(f) be the first derivative of f**4/4 + 4*f**3/3 - 2*f**2 + 7*f + 81. Determine n(-5).
2
Let a = 5 - 7. Let w be -3 + (a - -3) - (1 + 0). Let c(n) = -n**3 - 4*n**2 - 3*n + 2. Calculate c(w).
2
Let f(m) be the first derivative of m**4/4 + m**3/3 - 3*m - 280. Give f(-2).
-7
Suppose -z - 7 = -5*z + 3*k, -z + 4 = -3*k. Suppose -4*p = 5*x - 19, -x - 4*p + z = -6. Suppose -x*u + u + 10 = 0. Let d(n) = -n**2 + 5*n - 3. Determine d(u).
-3
Let s(d) be the first derivative of 39 - 13 - d**2 - 2 + 5*d. Determine s(5).
-5
Let t(h) be the first derivative of h**4/4 - 8*h**3/3 + 4*h**2 - 6*h + 79. Give t(6).
-30
Suppose -4*j + 3*j = -2. Let y(o) = -9 + 1 - j*o + 7 + o. Determine y(5).
-6
Let y(x) = -2*x + 2. Let u(f) = -38*f + 12. Let p(l) = -u(l) + 6*y(l). Calculate p(-1).
-26
Let u(n) be the third derivative of n**6/24 - n**5/60 + n**4/12 - n**3/6 - 3*n**2. Let y(m) = m + 7. Let c be y(11). Let k be (-5)/(-6) + 3/c. Give u(k).
5
Let j(o) = 5*o**2 - 5*o. Suppose 3*r + 49 = 61. Suppose 4*y - y = -21. Let c(k) = 9*k**2 - 10*k. Let p(t) = r*c(t) + y*j(t). Determine p(6).
6
Let m(j) = 10*j + 3*j**2 - j**2 + 6*j**2 - 6*j**2 + 3 - j**2. Determine m(-8).
-13
Let x = 3 - 4. Let u(o) be the first derivative of o + 1/2*o**2 - 3. Determine u(x).
0
Let i(y) be the first derivative of -y**4/12 - y**3/2 - 7*y**2/2 - 3. Let u(d) be the second derivative of i(d). Calculate u(-6).
9
Let f(k) = -k**3 - 8*k**2 - 3*k + 27. Let h = -927 - -920. What is f(h)?
-1
Let l(o) = 9*o + 10. Let v be ((-2)/4)/(5/(-120)*-3). What is l(v)?
-26
Let n(l) = 2 - 15*l**2 + l**3 - 24*l**2 + 32*l**2. What is n(7)?
2
Let j(n) = n**3 + 8*n**2 - 12*n - 22. Suppose 0 = -2*u + 8 - 34. Let m be 5 + -1 + 0 + u. Let l be j(m). Let a(o) = 2*o - 7. Calculate a(l).
3
Let c(w) = w**3 + 8*w**2 + 2*w + 12. Let y be (-1)/(1 - 28/32). Calculate c(y).
-4
Let o(x) = -14 + 2*x - 2 + 2 + 18. Determine o(6).
16
Let c(p) = p**2 - 6*p + 7. Let w be c(7). Let j(b) = 4*b + 9. Let y(g) = -12*g - 26. Let n(u) = w*j(u) + 5*y(u). Let z be 1/((-3)/18*2). What is n(z)?
8
Let o(m) = m**2 - 5 - 3*m**2 + 10*m - 18*m. Give o(-5).
-15
Let u(r) = -5*r - 4. Let o(j) = 16*j - 31*j + 11*j - 3. Let s(t) = 4*o(t) - 3*u(t). Determine s(-2).
2
Let y = -9 - -15. Let c(a) = 42*a**2 + 16*a + 14. Let d(v) = 23*v**2 + 8*v + 7. Let b(u) = -6*c(u) + 11*d(u). Give b(y).
-19
Let x(v) = 2*v + 32. Let c be x(-15). Let y = 7 + -3. Let s(u) = y + c + u - 5. Calculate s(3).
4
Let q(a) = 3*a**2. Suppose 2*b + 3*n - 2*n = 1, 2*b + 4*n = -14. Suppose 2*f + 3*d - 2 = -2*f, 4*d + 2 = -b*f. Calculate q(f).
12
Let u be (-3)/(-1)*(-2 + 10/3). Let y = 7 - 7. Suppose 3*o = -u*i + 6, -o + 2 = -i - y. Let c(d) = d + 3. What is c(i)?
3
Suppose -3*c + 7*c = -2*n - 12, n + 14 = -4*c. Let m(r) = 139*r**n - 3*r + 1 - 140*r**2 - 1. What is m(-3)?
0
Let q(m) be the second derivative of m**3/3 + 21*m**2/2 + m + 64. Determine q(-7).
7
Let x(c) = -c - 1. Let n be (3/4)/((-4)/(-64)). Let d be ((-10)/(-3))/((-3)/(-9)). Let b = d - n. Calculate x(b).
1
Let i be 84/63*(-3)/(-2). Let f(x) = -x**3 + 4*x**2 - 2*x - 1. Calculate f(i).
3
Let d(c) be the second derivative of -4*c**2 + 0 - c**4 - 21*c - 2*c**3 - 1/20*c**5. Determine d(-11).
3
Let j(l) = -2*l**2 - 2*l**2 + 3*l + 0*l - 2*l + l. Determine j(2).
-12
Let c(a) = -a + 0*a**3 - 7*a**3 - 1 - a**3 - a**2. Let p be (-11 - -1)/(0 + 2/(-44)). Let o = p + -221. Calculate c(o).
7
Let z(x) = -x + 5. Suppose -167*r + 174*r - 49 = 0. Give z(r).
-2
Let g(i) = 10*i + 65. Let k(t) = 5*t + 37. Let c(h) = 4*g(h) - 7*k(h). Determine c(1).
6
Let y(h) = h**3 - 10*h**2 + 7*h + 10. Let p be 6*((-6)/(-4) + (-6 - -6)). Calculate y(p).
-8
Let p(u) = -u - 10. Let w be p(-13). Suppose 4*t + 15 = w*m - 6*m, 9 = -t + m. Let l(c) be the third derivative of c**5/60 + 5*c**4/24 + 2*c**2. Give l(t).
6
Let w(s) = 6*s**2 - s. Let u = 36 + -33. Suppose 2*o - 1 = -u. Give w(o).
7
Let f(l) = l**2 + 5*l + 6. Let z = -87 - -59. Let g be ((-1)/(-1))/(-3 - z/10). What is f(g)?
6
Let k(m) be the first derivative of -5*m + 7/3*m**3 + 14 + 0*m**2 + 1/4*m**4. Give k(-7).
-5
Suppose -4*r + 24 = 46*d - 49*d, -2*r = -4*d - 42. Let j(v) = -v**3 - 13*v**2 - 11*v - 5. Determine j(d).
-17
Let z(o) = o + 4. Suppose m - x + 2 + 6 = 0, -4*x = -3*m - 21. Let k = -12 - m. Let d(g) = -g + 1. Let i(q) = k*z(q) - 2*d(q). Determine i(5).
-1
Let t(d) = -7*d + 9*d - 3 - 9 - d. Give t(5).
-7
Let y(h) = h**2 + 2*h + 4. Let o = -922 - -919. Calculate y(o).
7
Let h(a) = -37*a + 102 + 41*a + 113 - 243. What is h(6)?
-4
Suppose 0*w + 3*w - 4*q = -38, -2*q = 5*w + 20. Let c(n) = -n + 3. What is c(w)?
9
Let h(w) = -w**3 - 3*w**2 + 1. Let c(j) = j**2 + 9*j + 11. Let y = 45 - 52. Let l be c(y). What is h(l)?
1
Let q(c) be the first derivative of 1/2*c**2 - 24 + 2/3*c**3 + 1/2*c**4 + 0*c. Give q(-1).
-1
Let h(n) = 1. Let b(z) = -z - 2. Let m = -17 - -24. Let x(a) = m*h(a) + 4*b(a). Suppose 2*o + 3*t = 11, 5*o + 0*t = 3*t - 25. Determine x(o).
7
Let m(p) be the second derivative of p**5/5 - p**4/12 - p**3/2 + p**2/2 + 7*p. Let t be (-8)/(-6)*(-30)/(-20). Give m(t).
23
Let a(t) be the second derivative of t**5/20 - t**4/3 - t**2 + 11*t. Suppose 6*g + 2 - 20 = 0. What is a(g)?
-11
Let q(b) be the first derivative of b**4/4 + 7*b**3/3 + 7*b**2/2 + 6*b + 1. Let n(z) = -10*z**2 + 150*z - 6. Let d be n(15). Determine q(d).
0
Let b(u) = -2*u + 15. Let g be b(17). Let m be (6/(-10))/3 - g/(-5). Let j(r) = r**3 + 5*r**2 + 4*r + 2. Give j(m).
2
Let a(f) = -f + 1. Let u be a(5). Let g be 2/u*(-5 - -5). Let t(r) = 2*r - 5 - 7*r + 0 + 4*r. Determine t(g).
-5
Let u be (-2)/(-3)*270/12. Let v(a) = -12 + a - u*a**2 - 1 + 13. Calculate v(-1).
-16
Suppose -10*n + 35 = -6*n + 3*m, -4*n = -5*m - 27. Let t(o) = o**3 - 9*o**2 + 7*o + 4. Let b be t(n). Let p(q) = 1 + 7*q - 4*q + 2. Calculate p(b).
-9
Let g(k) = k - 1. Let u(w) = 5*w - 11. Let y(n) = -6*g(n) + u(n). Let f = 273 - 180. Let v = f + -96. Calculate y(v).
-2
Let l(t) = t**2 - 15*t. Let d be (-70)/15*9/(-6)*2. What is l(d)?
-14
Let i = -15 + 17. Let k be (200/(-6))/(i/(-3)). Let w(l) = -l + 0*l**2 - k + 58 + l**2. Determine w(0).
8
Let m = -13780 - -13785. Let k(v) = 2*v - 2. Let l(h) = -h + 1. Let t(f) = 3*k(f) + 5*l(f). What is t(m)?
4
Let l(k) = -3*k**2. Suppose 0 = -6*p + 3 + 9. Let g be (-3 - -4) + 1 + p. Let r be 2*(-4 - (-18)/g). Determine l(r).
-3
Let a = -1 + -1. Let z be (-3)/(-6)*-2*a. Let g(t) = -z - 11*t - 1 + 4 - 6*t. Calculate g(-1).
18
Let x(p) = -4*p + 36. Let d be x(8). Let h(s) = s**2 - 5*s + 4. Determine h(d).
0
Let b(u) = -600 + 2*u + 616 + 11*u**2 - 7*u + 2*u - u**3. What is b(11)?
-17
Suppose 5*f - 5*t + 5 = 0, 4*f = 2*f + 5*t + 10. Let q(l) = -l**2 - 4*l + 1. Let v(a) = -a + 1. Let y(s) = f*v(s) + q(s). Let w = 0 - 0. What is y(w)?
-4
Let q(u) = u**2 - 5*u - 8. Suppose -76 = -10*m - 6. Determine q(m).
6
Let s(m) = 2*m + 34. Let a be s(-16). Let d(c) be the third derivative of 0*c + 0 - 1/3*c**3 + 1/12*c**4 + 2*c**2. What is d(a)?
2
Let t(u) = -u**3 + 5*u**2 + 5*u + 3. Let d be t(6). Let a(c) = -4*c - 489*c**2 + 1468*c**2 - 492*c**2 - 491*c**2 - 4 - c**3. Calculate a(d).
-1
Suppose -16*z + 17*z = 33. Let a(m) = -4*m - z*m + 20*m. Determine a(-1).
17
Let h = -19 + 48. Let m(w) = -w**2 